Let b(i) = -3*i**2 - 8*i - 3. What is b(-4)?
-19
Let o(u) = -u**3 + 41*u**2 - 81*u + 78. Give o(39).
-39
Let g(x) = -x**3 + 4*x**2 - 5*x + 17. Calculate g(4).
-3
Let p(t) = -t**3 - 11*t**2 - 2*t - 15. Determine p(-11).
7
Let v(o) = 2*o**2 + 46*o - 4. Determine v(-23).
-4
Let m(l) = 6*l - 100. Give m(21).
26
Let g(z) = 29*z - 157. What is g(6)?
17
Let j(p) = p**2 - p - 18. What is j(4)?
-6
Let h(z) = -2*z**2 + 4. What is h(3)?
-14
Let p(s) = 2*s - 2. Give p(-3).
-8
Let i(t) = t**2 - 8*t + 5. What is i(3)?
-10
Let h(k) = -39*k**2 + 2*k - 1. Determine h(1).
-38
Let r(b) = -b + 1. Give r(-7).
8
Let b(q) = -54*q - 98. Determine b(-2).
10
Let w(t) = t**2 - t + 10. Determine w(8).
66
Let z(m) = -m**2 + 6*m - 37. Give z(7).
-44
Let q(k) = k**2 - 14*k - 13. Determine q(13).
-26
Let k(t) = -t**2 + 7*t - 9. What is k(5)?
1
Let l(j) = 2*j**2 + 9*j - 11. Calculate l(-5).
-6
Let m(t) = -t**3 - 24*t**2 - 21*t + 54. Determine m(-23).
8
Let m(h) = h**2 + 7*h - 11. Give m(-10).
19
Let y(w) = 4*w**2 - 16*w + 6. Calculate y(6).
54
Let x(r) = -r**3 - 9*r**2 + 3*r + 22. Give x(-9).
-5
Let i(m) = m**2 + 5*m - 37. Determine i(-7).
-23
Let g(j) = j - 9. What is g(-7)?
-16
Let u(o) = o**2 + 7*o - 85. Give u(6).
-7
Let h(b) = -b - 1. Determine h(4).
-5
Let b(z) = 4*z + 3. Determine b(0).
3
Let z(j) = 32*j**2 - 513*j + 7. Give z(16).
-9
Let j(c) = c**3 + 13*c**2 + 13*c + 18. Give j(-12).
6
Let q(p) = 78*p - 2027. Give q(26).
1
Let u(r) = 4*r**2 - 41*r + 17. Determine u(10).
7
Let g(r) = 27*r - 483. Calculate g(18).
3
Let s(c) = 5*c + 41. Determine s(-7).
6
Let x(f) = -f**3 + 3*f**2 + 8*f - 20. Calculate x(3).
4
Let s(f) = -13*f + 4. Calculate s(-4).
56
Let g(f) = -f**3 - 10*f**2 + 11*f + 2. Calculate g(-11).
2
Let d(m) = m - 2. What is d(9)?
7
Let a(w) = w**3 + 8*w**2 + 5*w - 15. Give a(-7).
-1
Let x(k) = -k**3 + 8*k**2 + 10*k - 9. What is x(9)?
0
Let o(h) = -3*h - 19. Calculate o(-6).
-1
Let d(t) = -2*t**3 + 11*t**2 + 3*t + 12. What is d(6)?
-6
Let q(v) = -v + 1. What is q(-11)?
12
Let d(y) = y**3 + 2*y**2 - 13*y + 4. Give d(-4).
24
Let q(m) = m**2 - 27*m + 94. Give q(4).
2
Let l(w) = -w**3 + 8*w**2 - 30*w + 1. Give l(5).
-74
Let o(j) = -j**3 - 30*j**2 - j - 44. What is o(-30)?
-14
Let m(t) = -t**3 + 14*t**2 + 16*t. Calculate m(15).
15
Let i(q) = q**3 - 6*q**2 - 6. Determine i(6).
-6
Let z(c) = 6*c + 193. Determine z(-36).
-23
Let p(b) = 2*b + 9. Give p(-3).
3
Let x(p) = 4*p + 93. Give x(-21).
9
Let p(j) = -8*j + 81. Give p(16).
-47
Let u(n) = -13*n**3 + 2*n**2 + n. Give u(-1).
14
Let j(r) = -2*r + 7. What is j(3)?
1
Let u(y) = -8*y - 3. Determine u(1).
-11
Let b(n) = -135*n. What is b(0)?
0
Let h(c) = -5*c - 15. Calculate h(2).
-25
Let y(b) = 4*b**2 + 3*b + 1. What is y(-2)?
11
Let q(n) = -5*n + 46. Calculate q(13).
-19
Let c(k) = -3*k**2 + 9*k + 9. What is c(-1)?
-3
Let l(y) = y**2 + 12*y + 13. Give l(-8).
-19
Let q(n) = n**2 - 6*n + 16. Give q(6).
16
Let k(b) = -3*b - 1. Calculate k(-3).
8
Let f(m) = 29*m - 60. Calculate f(2).
-2
Let f(b) = -2*b**2 + 7*b - 1. Determine f(6).
-31
Let l(t) = -3*t + 38. Determine l(15).
-7
Let w(v) = 4*v**2 + 21*v + 7. Determine w(-5).
2
Let f(r) = -r + 6. Calculate f(3).
3
Let v(k) = 4*k - 23. Calculate v(5).
-3
Let u(b) = -b**2 - 10*b - 1. What is u(-7)?
20
Let j(t) = 13*t + 139. What is j(-11)?
-4
Let q(l) = 4*l**2 + 12*l + 7. Give q(-4).
23
Let l(k) = -16*k + 36. Give l(-3).
84
Let n(g) = 36*g + 31. Give n(-1).
-5
Let n(d) = -d**3 - 5*d**2 + 7. Calculate n(-5).
7
Let t(n) = n**2 + 19*n + 12. Give t(-18).
-6
Let d(b) = 6*b + 147. What is d(-23)?
9
Let i(n) = 4*n**3 + 4*n**2 + 9*n - 4. Determine i(-3).
-103
Let g(p) = -p**3 + 4*p**2 - 4*p - 4. Calculate g(5).
-49
Let f(a) = a**3 + 8*a**2 + 8*a - 2. Give f(-7).
-9
Let y(h) = -2*h - 23. Determine y(-7).
-9
Let f(y) = y**2 - 32*y - 324. Give f(-8).
-4
Let u(c) = -5*c + 2. Determine u(-4).
22
Let f(o) = o**2 + 3*o - 17. What is f(-7)?
11
Let g(b) = -b**2 - b + 6. Calculate g(6).
-36
Let z(u) = 7*u**2. Calculate z(-2).
28
Let k(d) = -d**3 + 31*d**2 + 2*d - 72. Calculate k(31).
-10
Let y(v) = -v**3 + 14*v**2 + 22*v + 17. Determine y(15).
122
Let n(k) = -131*k + 530. Calculate n(4).
6
Let b(s) = s**3 - 12*s**2 + 12*s + 4. Give b(11).
15
Let j(g) = -g**2 + 20*g - 29. What is j(18)?
7
Let h(v) = -13*v - 9. Give h(-5).
56
Let j(y) = 4*y**2 - 2*y + 3. Calculate j(3).
33
Let d(l) = l**3 - 45*l**2 + 46*l - 90. Give d(44).
-2
Let x(n) = 5*n - 28. Give x(8).
12
Let f(v) = -17*v + 106. Determine f(9).
-47
Let x(g) = g**3 - 8*g**2 + 6*g + 14. Calculate x(6).
-22
Let z(l) = -l**3 + l + 3. Determine z(-3).
27
Let o(t) = -t**3 + 13*t**2 + 12*t + 21. Calculate o(14).
-7
Let p(c) = -32*c + 4. Calculate p(2).
-60
Let s(r) = r**3 + r**2 - 31*r - 12. Determine s(0).
-12
Let b(k) = 4*k + 18. Determine b(-5).
-2
Let g(j) = 14*j - 3. Give g(-11).
-157
Let j(i) = 25*i + 29. Calculate j(-6).
-121
Let i(p) = p**3 - 24*p**2 - 22*p - 65. Calculate i(25).
10
Let y(u) = u**2 + 2*u - 4. What is y(-4)?
4
Let u(v) = -5*v**2 + 4*v. Calculate u(-2).
-28
Let l(f) = 5*f + 19. Determine l(-15).
-56
Let y(h) = 5*h - 2. Determine y(1).
3
Let t(a) = -2*a**2 - 5*a - 4. Give t(-4).
-16
Let m(f) = -37*f + 2. Give m(-1).
39
Let f(v) = -3*v**3 + 10*v**2 - 3*v. What is f(3)?
0
Let c(d) = 4*d - 2. Determine c(2).
6
Let h(o) = -3*o + 49. Calculate h(17).
-2
Let q(y) = y + 5. What is q(-11)?
-6
Let v(y) = -2*y - 8. Calculate v(-8).
8
Let x(i) = 21*i - 1. Give x(1).
20
Let w(u) = 3*u**2 - 29*u + 68. Give w(3).
8
Let r(y) = -4*y**2 + 10*y - 12. Determine r(6).
-96
Let y(t) = t**3 - 57*t**2 + 350*t + 4. Determine y(7).
4
Let a(t) = t**2 + 7*t + 3. What is a(-5)?
-7
Let x(f) = -f**3 + 11*f**2 + 9*f + 37. Determine x(12).
1
Let o(i) = -i**2 + 7*i - 7. Calculate o(6).
-1
Let f(m) = -m**3 + 46*m**2 + 49*m - 92. Give f(47).
2
Let h(q) = q**2 + q + 2. What is h(0)?
2
Let o(r) = 2*r + 1. Determine o(2).
5
Let y(g) = -2*g + 16. What is y(7)?
2
Let d(q) = -12*q - 64. What is d(-4)?
-16
Let g(z) = -z**2 - 4*z + 10. Give g(2).
-2
Let o(d) = -34*d + 305. What is o(9)?
-1
Let z(v) = 4*v**3 + 2*v**2 + v. Calculate z(2).
42
Let h(j) = -j**3 - j**2 + 22*j + 37. Calculate h(-2).
-3
Let p(r) = -r**2 + 6. What is p(0)?
6
Let y(w) = -w**3 - 7*w**2 - 4*w - 6. What is y(-6)?
-18
Let f(b) = -b + 8. Determine f(-7).
15
Let z(u) = -2*u**2 + 3*u - 11. Give z(5).
-46
Let k(u) = u**2 - 19*u + 3. Determine k(18).
-15
Let i(v) = v**2 - 7*v - 3. Give i(5).
-13
Let s(w) = -w - 9. Calculate s(-4).
-5
Let p(d) = -3*d - 13. Determine p(-5).
2
Let j(a) = -8*a**2 + 96*a - 3. Calculate j(12).
-3
Let s(o) = -33*o - 4. What is s(6)?
-202
Let n(i) = i**3 - 6*i**2 - 2*i - 6. Calculate n(6).
-18
Let s(v) = -2*v**2 - 20*v + 1. Calculate s(-9).
19
Let s(w) = -w**2 - 15*w - 59. Give s(-10).
-9
Let a(v) = -12*v - 22. Determine a(-9).
86
Let f(y) = y**2 + 15*y - 103. What is f(-19)?
-27
Let c(d) = -d**3 - 5*d**2 + 8*d - 1. What is c(-6)?
-13
Let i(y) = 30*y + 356. Give i(-12).
-4
Let x(d) = -11*d - 37. What is x(-4)?
7
Let v(s) = -s**2 - 8*s + 28. Give v(3).
-5
Let w(k) = -k - 2. Determine w(4).
-6
Let x(u) = u - 4. Determine x(14).
10
Let h(v) = v**2 + 13*v - 41. Give h(-17).
27
Let l(h) = 134*h + 268. Determine l(-2).
0
Let v(x) = x**3 - 6*x**2 + 4*x - 1. What is v(5)?
-6
Let j(n) = -8*n - 170. Give j(0).
-170
Let m(k) = 79*k + 5. What is m(-1)?
-74
Let p(u) = -4*u - 1. What is p(6)?
-25
Let z(s) = -s**3 - 15*s**2 - 27*s - 9. What is z(-13)?
4
Let r(q) = q - 3. Calculate r(-6).
-9
Let q(m) = 3*m. What is q(-3)?
-9
Let v(n) = n - 5. Determine v(8).
3
Let c(d) = -d**2 - 7*d - 7. What is c(-6)?
-1
Let j(h) = 3*h - 18. Determine j(6).
0
Let b(o) = 3*o. Calculate b(-4).
-12
Let g(q) = -q**3 - 16*q**2 + 36*q - 5. What is g(-18)?
-5
Let u(g) = g**2 + 6*g - 14. Calculate u(3).
13
Let y(o) = -30*o + 57. What is y(2)?
-3
Let z(q) = q**3 - 9*q**2 + 3*q + 7. Give z(3).
-38
Let c(k) = -8*k + 1. Give c(-1).
9
Let w(k) = 2*k**2 - 7*k + 2. Give w(6).
32
Let m(w) = 13*w + 2. Determine m(-4).
-50
Let w(f) = 7*f**3 + f**2 + 3*f - 4. Calculate w(1).
7
Let u(v) = 4*v**3 + 3*v**2 - 2*v + 2. Calculate u(-3).
-73
Let h(i) = -3*i**2 + 6*i - 1. Determine h(2).
-1
Let j(a) = 8*a**2 + 4*a - 4. Determine j(2).
36
Let g(a) = -a**2 - 2*a - 10. Calculate g(-7).
-45
Let b(c) = -7*c**2 + 2*c + 7. Determine b(4).
-9